 - 72. What is the remainder when c(3) is divided by s?
24
Suppose 95 = -0*k + 5*k. What is the remainder when k is divided by (-84)/(42/(-7)) - (-8)/(-2)?
9
Suppose 2*c + 26*p - 23*p = 954, 499 = c - 4*p. Calculate the remainder when c is divided by 27.
24
Let x(r) = -4*r + 4*r**2 - 5 - 2*r**2 + 7. Calculate the remainder when x(5) is divided by 11.
10
Let v = 6 - -7. Let k = -30 - -50. Suppose -c - 142 = -3*h, -h + 2*c + k = -24. What is the remainder when h is divided by v?
9
Let y = -14 + 25. Let d = y + -9. Suppose -3*f = 3*x - 28 - 38, 5*x - 107 = -d*f. What is the remainder when x is divided by 11?
10
Suppose -3*r - 3*t + 68 = -5*t, -2*r + 3*t + 42 = 0. What is the remainder when 551 is divided by r?
23
Suppose 3*t - 117 = -4*u, 3*t + 50 - 140 = -3*u. What is the remainder when 42 is divided by u?
15
Suppose 35*d = 6 + 1359. Suppose -122 = 5*k + 3*w - 14, -100 = 5*k + 5*w. Calculate the remainder when d is divided by (-1)/(9/k)*3.
7
Suppose 4*w + 75 - 1063 = 5*h, 5*w - 3*h = 1248. What is the remainder when w is divided by 51?
48
What is the remainder when 2638 is divided by -1 - -14 - 5 - 0?
6
Suppose -l = x - 12, 59 - 5 = 4*x + l. What is the remainder when 178 is divided by x?
10
Let u = 446 + -434. Let k(w) = -w**2 - 12*w - 2. What is the remainder when k(-6) is divided by u?
10
Suppose 0 = -11*h - 25*h + 1980. What is the remainder when 124 is divided by h?
14
Let g = 18 - 7. Let u = 19 - g. What is the remainder when 20 is divided by u?
4
Suppose 0 = v - 4*q - 0*q - 22, 0 = 5*q + 20. What is the remainder when 59 is divided by v?
5
Let n(d) = -d**2 - 20*d - 37. What is the remainder when n(-10) is divided by 25?
13
Let b = -58 - -94. Suppose 4*z + n - 1 = 0, 2*n = 2*z + n + 7. Calculate the remainder when b is divided by (z/(-4))/((-9)/(-684)).
17
Let s be -8*(4/(-8) + -1). Let x be 2 + s/(-4) + 5. Suppose 3*r + 34 = 2*k, 2*k + 4*r + x = 10. What is the remainder when k is divided by 3?
2
Let q = -693 - -787. Let y(z) = 2*z**2 + 9*z + 10. What is the remainder when q is divided by y(-6)?
10
Let r(q) be the third derivative of q**4/8 - 2*q**3/3 - 2*q**2. Suppose 0*b = -4*l - b + 168, -3*b = 0. Calculate the remainder when l is divided by r(5).
9
Suppose -22*y + 152 = 42. Calculate the remainder when 91 is divided by y.
1
Suppose 0 = 2*g - 69 - 155. Suppose 0 = 10*l - g + 32. What is the remainder when 59 is divided by l?
3
Let l(q) = -5*q + 145. Calculate the remainder when 69 is divided by l(16).
4
Suppose -4*z + x = -121, -2*x = -2*z - 7 + 75. Suppose -d + 5*m - 5 = 0, 5*d - 43*m = -39*m + 38. What is the remainder when z is divided by d?
9
Let y = 230 + -195. What is the remainder when 136 is divided by y?
31
Suppose -273 = -4*n - 3*q, -2*q = -5*q - 15. Let j = -62 + n. Let v = 27 + 1. What is the remainder when v is divided by j?
8
Let p(l) = l**2 - 14*l - 45. Let c be p(15). What is the remainder when 6 is divided by (-46)/(-12) - 5/c?
2
Suppose 13*z = 104 + 624. What is the remainder when z is divided by 18?
2
Let g = -644 - -883. Calculate the remainder when g is divided by 49.
43
Suppose -82 - 125 = 3*y + 3*h, 136 = -2*y - 3*h. Let g = -68 - y. What is the remainder when (20/(-6))/((-4)/6) is divided by g?
2
Let b = 38 + -27. Let q be (2/(-4))/((-2)/120). Let d = 13 + q. Calculate the remainder when d is divided by b.
10
Suppose 5*y - 12 + 1 = -2*k, 10 = 2*y - 2*k. Let l(z) = -2*z**3 + 4*z**2 - 6 + 3*z**3 + 3 - z. Calculate the remainder when l(-3) is divided by y.
0
Let d(n) = -2*n**3 - 8*n**2 + n + 11. Calculate the remainder when 83 is divided by d(-4).
6
Suppose 5*c + 4*u = 281 + 47, -355 = -5*c + 5*u. Suppose -4*l + 48 = -5*f - 18, 10 = -5*f. What is the remainder when c is divided by l?
12
Suppose -117 = -14*m + 345. What is the remainder when 125 is divided by m?
26
Suppose -420 = -2*l + 2*z, -174 = 2*l + 5*z - 601. Calculate the remainder when l is divided by 59.
34
Let i be -79*((-9)/15 - 14/35). Let w = 92 - i. What is the remainder when 36 is divided by w?
10
Let l be (-2)/(2 + 4*-1). Let j(k) = k**2 + 13*k - 4. Let y be j(-13). Calculate the remainder when y/(l/3*-2) is divided by 3.
0
Let v(p) = -4*p - 19. Let y be v(-11). Let i = y + 22. Calculate the remainder when i is divided by 7.
5
Suppose 15 = 3*n, 32 = 3*j + 3*n - 7. Let m = 6 + j. What is the remainder when 39 is divided by m?
11
Suppose 0 = 46*n - 4026 + 576. What is the remainder when n is divided by 18?
3
Suppose 64*q + 1760 = 72*q. What is the remainder when q is divided by 37?
35
Let u(m) = 4*m**3 - 4*m**2 - m + 1. Let w be u(3). Let v = w - 16. What is the remainder when v is divided by 20?
14
Suppose 80 = 5*g + 4*v, -3*g - 5*v + 1 + 34 = 0. What is the remainder when 237 is divided by g?
17
Let k(b) be the first derivative of -b**2/2 + 14*b + 5. Calculate the remainder when 15 is divided by k(8).
3
Let x(r) = r**3 + 3*r**2 - 2*r - 2. Let a be x(-3). Let b = a + 8. What is the remainder when 35 is divided by b?
11
Calculate the remainder when (20628/(-72))/(1/(-2)) is divided by 23.
21
Suppose 4*u + 2*c - 1810 = 0, -3*u - 2*c = 2*u - 2265. Calculate the remainder when u is divided by 19.
18
Calculate the remainder when 61/(((-2)/(-12))/(24/48)) is divided by 46.
45
Suppose 0 = 15*i + 2 - 407. Calculate the remainder when 59 is divided by i.
5
Let f(h) = 6*h**2 + 12*h - 2. Let v(g) = -2*g + 1. Calculate the remainder when f(-5) is divided by v(-7).
13
Let s be 21/(-2)*(-4)/3. Let a(v) = -8 + s - v - 2 + v**2. What is the remainder when 15 is divided by a(0)?
3
Suppose 4*s - 1 = 15. Suppose s*l = -3*p + 798, l - 3*l - 5*p = -392. Suppose 4*c - c - l = 0. What is the remainder when c is divided by 17?
16
Let z = -1472 + 1785. Calculate the remainder when z is divided by 21.
19
Let k(t) = 12 - 6 + 11 + 7*t. Let p(d) = -28*d - 69. Let a(m) = 9*k(m) + 2*p(m). What is the remainder when a(5) is divided by 13?
11
Suppose -2*c + 32 = 2*s, 2*c = -2*c + 16. Suppose g - 2*z - 6 = 0, -5*z + 13 = -s. Calculate the remainder when g is divided by 9.
7
Let s be (3 - 0)*(-8)/(-12). Suppose 0 = 5*t - s*y - 9, 4*t + 3*y - 24 = -t. What is the remainder when 1/(3/18) - t is divided by 3?
0
Suppose -8*h + 6*h = -8. Suppose 5*a = h*a + 15. Let v(f) = -14*f + 1. Calculate the remainder when v(-3) is divided by a.
13
Let q(n) = 9*n**2 + 14*n + 123. What is the remainder when q(-8) is divided by 49?
48
Suppose 3*v + 53 = 7*v + 3*s, -3*s = 3*v - 36. What is the remainder when 82 is divided by v?
14
Suppose -9 = -2*x + 7*x - h, 2*h + 10 = -4*x. Let m = 109 + -60. Calculate the remainder when m is divided by (-21)/(-14) - 23/x.
10
Let b = -46 + 50. Suppose -5*z = 10, -5*z + 0*z = -b*x + 422. Calculate the remainder when x is divided by 21.
19
Let n be (-291)/27 + 10/(-45). Let p = n + 13. Let t = -3 + 5. Calculate the remainder when t is divided by p.
0
Let g = 609 + -557. What is the remainder when 354 is divided by g?
42
Let z(b) = -b**3 - 4*b**2 + 6*b + 11. Let a be z(-6). Suppose -10*q = -11*q + a. Calculate the remainder when q is divided by 12.
11
What is the remainder when 671 is divided by -2 + 99 + 8 + -9?
95
Let k = 46 - 26. Let z = 8 - -10. Suppose -2*s = -0*s + 6, -3*c = s - z. Calculate the remainder when k is divided by c.
6
Let x(m) be the second derivative of m**5/20 - m**4/12 - m**3/3 + 23*m**2/2 - 33*m. Calculate the remainder when 38 is divided by x(0).
15
Let f = 43 - 10. Suppose -8*a + f = -6*a - w, 0 = -a + 2*w + 18. What is the remainder when 246/4 - 1/(-2) is divided by a?
14
Let g(z) be the third derivative of z**4/24 + 19*z**3/6 - 5*z**2. Let q(c) = c**3 - 4*c**2 + c - 6. What is the remainder when q(5) is divided by g(-10)?
6
Let l be 36/(-8)*(-16)/3. Let i = l + -64. Let o = i + 57. Calculate the remainder when o is divided by 6.
5
Suppose -12*a = -412 + 1696. Let m = a + 160. Suppose -2*o - 33 = -5*o. What is the remainder when m is divided by o?
9
Let b = -23 + 23. Let y(q) = -q + 22. Calculate the remainder when 65 is divided by y(b).
21
What is the remainder when 20/(-80) - (2 - (-1359)/(-12)) is divided by 23?
19
Let s = 60 + -23. Suppose -128 = -5*n + s. Calculate the remainder when 98 is divided by n.
32
Let z = -825 + 828. What is the remainder when 67 is divided by z?
1
Let v = 753 + -692. What is the remainder when 243 is divided by